 What is the units digit of s/11 - 4/g?
5
Let v(s) = 5*s**2 + 3*s - 1. Let m be v(2). Let q = -5 + m. What is the units digit of q?
0
Suppose -357 = -3*a - 4*a. What is the tens digit of a?
5
Suppose -v + 0 = 3*l - 6, -l = 3*v - 2. Suppose -5*h + 20 = -l*b, h + 3*b + b - 4 = 0. What is the units digit of h?
4
Let f(c) = 5*c + 1. What is the units digit of f(5)?
6
Let x = 131 - 86. What is the units digit of x?
5
Let t = -21 + 36. What is the units digit of t?
5
Let n = -1 + 1. Suppose 2*s - 15 - 11 = n. What is the tens digit of s?
1
Let s be 28/10 + 1/5. Suppose 6 = s*o - o. Suppose o*k = -k + 20. What is the units digit of k?
5
Let s(b) = b**2 - 10*b - 21. What is the units digit of s(12)?
3
Suppose 14 = s + 3. Suppose 2*b = -2*j, -5*b + j = -7 - s. What is the units digit of 14/b + (-6)/9?
4
Let g(c) = 2*c - 6. Let a be g(4). Suppose -a*p = -x - p + 2, p - 2 = -x. Let r = 7 - x. What is the units digit of r?
5
Suppose -4*v + 3*o + 10 = -1, -o + 1 = v. Suppose -m + 6 = v*m. What is the units digit of (-12)/(-3) - -2 - m?
4
Let o = -306 + 442. What is the hundreds digit of o?
1
Suppose -5*i + 24 = -4*g, g - 12 = -3*i + 4*g. What is the units digit of 6/i*16/6?
2
Let z(t) = t**3 - 6*t**2 - 3. Let q be z(6). What is the tens digit of -6 + 0 - q - -25?
2
Suppose 3*k + b - 114 = -b, 4*k = b + 152. What is the units digit of k?
8
Let t be ((1 - 2) + 0)*9. Let z(k) = -5*k**2 + 31*k + 17. Let d(s) = -s**2 + 8*s + 4. Let i(a) = t*d(a) + 2*z(a). What is the units digit of i(-9)?
7
Suppose 4*t = -2*b + 88, b = 2*t - 6*t + 54. Let a(r) = -23*r**2 + r + 1. Let n be a(-1). Let i = b + n. What is the tens digit of i?
1
Suppose -5*b + n - 3*n + 20 = 0, n + 3 = 4*b. Suppose -2*j - b = -34. What is the tens digit of j?
1
Let j = -3 - -7. Suppose -j = 2*k - 20. What is the units digit of k?
8
Let z(l) = l**3 + l + 3. Let s(h) = h**3 + 2*h**2 - h - 2. Let r be s(-2). What is the units digit of z(r)?
3
Let w(x) = x**2 + 4*x + 2. Let c(k) = -k**3 - 10*k**2 + 2*k + 9. Let s be c(-10). Let g = s - -7. What is the units digit of w(g)?
2
Let a = -15 + 9. Let r = a + 6. Suppose r*d = -5*d + 15. What is the units digit of d?
3
Let b = 5 - 15. Let m(g) = -g**2 - 9*g + 11. What is the units digit of m(b)?
1
Suppose 3*c + 25 - 5 = u, 5*u - 28 = -3*c. Suppose -3*l - 2 = -u. What is the units digit of l?
2
Suppose 2*p + 3 = 1. Let y(m) = -8*m**3 + m**2 - 1. What is the units digit of y(p)?
8
Suppose 5*r = -5*q - 85, 3*r + q + 30 = 5*q. What is the units digit of (8/(-6))/(r/147)?
4
Suppose -x + 37 = x + 5*v, 20 = 4*v. Let j(t) = t**3 - 6*t**2 - 2*t + 8. Let p be j(6). What is the units digit of (2/(-1))/(p/x)?
3
Let i = 5 + 5. What is the units digit of i?
0
Suppose 0 = -3*n + 4*p + 74, -4 = 4*n - 4*p - 104. Let x be (n/8)/(2/24). Suppose 2*i - 4*v - 40 = 0, 5*i = 3*v + x + 26. What is the tens digit of i?
1
Suppose 0 = -a + 3*a + 8. Let c = a - -4. What is the units digit of 5 + (-2 - (-2 + c))?
5
Let l be ((-1)/(-2))/((-4)/64). Let g be (13 + -1)/((-6)/l). Suppose 0 = 4*d + 4*f - g, d + 3*f + 2 = -0. What is the units digit of d?
7
Let m(w) = -w**2 - 21*w - 24. What is the tens digit of m(-18)?
3
Let c be (-4)/(-6) - 244/6. Let j be ((-8)/(-10))/(8/c). What is the units digit of 1*9 - (-4)/j?
8
Suppose 5*o = -6 + 21. Let a(y) = 1 + 4*y**2 + 3*y**o - 2 - 2*y**2. What is the units digit of a(1)?
4
Suppose 2*r - 5*p - 77 = 0, 0 = 5*r + 5*p - 159 - 121. What is the tens digit of r?
5
Let x(b) = -25*b - 5. What is the tens digit of x(-5)?
2
Suppose g - 360 = -g. Suppose 6*m - g = m. What is the tens digit of m?
3
Suppose 3*y - 6*v = -2*v + 2, 0 = 3*y + v + 8. Let n = y - -20. What is the units digit of n?
8
Let f(l) = 2*l**2 + 10*l + 11. What is the tens digit of f(-6)?
2
Suppose 2 = 4*t - 226. What is the units digit of t?
7
Let u = 10 - 13. Let a(k) = -14*k - 3. What is the units digit of a(u)?
9
Suppose -2*h + 4*o + 79 = -o, 3*h + 5*o - 106 = 0. What is the units digit of h?
7
Suppose 2*r + 8 = -0*r. Let g be 5/(-2)*r/1. Suppose -g = -j - j. What is the units digit of j?
5
Let t = -4 - -2. Let r be (2 - 1)/(t/(-6)). Suppose v = r*v - 16. What is the units digit of v?
8
Suppose 6*s = s + 15, 4*l = -s + 527. Suppose 3*d + l = 8*d - 4*m, -d + 3*m + 24 = 0. What is the tens digit of d?
2
Suppose -5*g + 3*o - 14 = 0, -14 = -2*g + 5*g + o. Let j(a) = -a**2 - 5*a + 2. What is the units digit of j(g)?
6
Suppose 24 = 2*s + 4. Suppose 3*a - s = 53. What is the units digit of a?
1
Let l = 103 - 44. What is the units digit of l?
9
Let d(t) = 3 + t + 2 + 0*t + 1. Let v be 4/(-6) + (-2)/(-3). What is the units digit of d(v)?
6
Let x = 29 - -11. What is the units digit of ((-4)/(-10))/(1/x)?
6
Let y(g) = -g**3 - 6*g**2 + 6*g - 4. Let j be y(-7). Suppose r + j*c + c = 31, -2*r - c + 27 = 0. Let a = r + -7. What is the units digit of a?
4
Let y(i) = 5*i**3 + i**2 - 10*i - 13. Let t(l) = -l**3 + l**2 + 1. Let w(h) = 4*t(h) + y(h). What is the tens digit of w(-6)?
1
Let t(f) = f**3 + f. Let h(w) = 7*w**3 - 6*w**2 + 10*w + 2. Let v(k) = -h(k) + 6*t(k). Let d be v(5). Let u = d + 0. What is the units digit of u?
3
Suppose 2*w + 4*q + 16 = 0, -3*w + 0*w + q = -11. What is the tens digit of 6/(-9)*(-117)/w?
3
Let u = 3 - 0. Suppose -y = -3, -y = u*d + y - 18. What is the units digit of d?
4
Suppose -3*u = 2*x + 14 + 14, 5*u - 5*x = -5. Let f(i) = -i**2 - 6*i + 4. Let p be f(u). Suppose p*v - 58 + 2 = -5*a, 12 = 3*a. What is the units digit of v?
9
Let n(k) = 4 - 11*k - 2*k**2 + k**2 + 2*k - 2*k. What is the units digit of n(-9)?
2
Let z = 13 - 8. Suppose z*b = -3*l + 2*l + 23, 46 = 4*l - 3*b. Suppose -4*s + l + 23 = 0. What is the units digit of s?
9
Let l = -2 - -3. What is the units digit of (6 - l)*3/1?
5
Suppose -2*t + 6*t + 4 = 0. Let g be -2 + 0 + 51 + t. Suppose -5*a - 3*d - 15 = -67, 0 = -5*a - 2*d + g. What is the units digit of a?
8
Suppose 6*u - 20 = 2*u. Suppose g + 2 - 11 = 0. Let j = g - u. What is the units digit of j?
4
Let h be 4/(-6)*708/8. Let q = 97 + h. What is the tens digit of q?
3
Let o be 284/10 - (-6)/(-15). Let i be o/12 + 2/(-6). Suppose i*z + z = 27. What is the units digit of z?
9
Let l(f) = 2*f**2 + 7*f - 6. What is the units digit of l(-7)?
3
Let g be ((-2)/6)/((-2)/30). Suppose 9*b = g*b + 40. Suppose q - b = 3*u, 3*q - 9 + 0 = 2*u. What is the units digit of q?
1
Let g be (4/8)/(2/20). Suppose g = -m - 3*w, -4*m - w + 4*w = -25. Suppose -m*x - 35 = -9*x. What is the units digit of x?
7
Suppose -5*s + 128 = -152. What is the tens digit of s?
5
Let k(f) = f + 1. Let h(n) = 2*n - 2. Let i(l) = -h(l) - 3*k(l). Let w be i(-1). Suppose 2*q + 0*b - b = 10, 4*b = -q - w. What is the units digit of q?
4
Let m be (-51)/3 + (-4 - -3). What is the units digit of 60/(-9)*m/4?
0
Let d = 7 + -12. Let s be (0 - (-8)/(-10))*d. Let c(p) = p**3 - 2*p**2 - 3*p - 1. What is the tens digit of c(s)?
1
Suppose -4*y + 3*y = 0. Let o(j) = -2 + y*j - 3*j + 2*j. What is the units digit of o(-3)?
1
Suppose v - 3*k - 19 = -4*v, v = 4*k + 14. Suppose -v*l = 3 - 19. What is the units digit of l?
8
Let n = -6 + 10. Suppose -24 + 80 = n*d. What is the units digit of d?
4
Let v(i) = -6*i - 2*i**2 - 3 - i**3 - 4*i + 13*i**2 + i. What is the units digit of v(10)?
7
Let d(p) = p**3 - 17*p**2 + 17*p - 13. What is the units digit of d(16)?
3
Let j(a) = 5*a**2 - 11*a - 9. What is the hundreds digit of j(-4)?
1
Let p(r) = r - 1. Let z be p(2). Let s = 2 + z. Suppose 0 = -s*i - 22 + 61. What is the units digit of i?
3
Suppose 10*p - 2*p = 344. What is the units digit of p?
3
Let r(l) = l**3 - l**2 - 5*l + 2. Suppose 0 = -t + 10 - 6. What is the units digit of r(t)?
0
Let w(u) = -u**2 + 22*u + 41. What is the units digit of w(17)?
6
Let n = -5 - -3. Let h be (n - -1)*(2 - 3). Suppose 0 = -0*b - b + h. What is the units digit of b?
1
Suppose 4*a + a = -10. What is the units digit of 20 + (-2)/(a/3)?
3
Suppose 10*i = 2*i + 144. What is the tens digit of i?
1
Suppose 3*o = 20 - 8. Suppose 0 = -2*f + 3*f - o. What is the units digit of f?
4
Let b(o) = -o**3 + 3*o**2 + 3. Let w be b(3). Let h = -7 + 10. Suppose q + 12 = 4*s, -7*s - w*q + 12 = -h*s. What is the units digit of s?
3
Let t = 16 - 11. What is the units digit of (-62)/(-10) - t/25?
6
Let j = 9 + -6. Suppose f - 15 = j. What is the units digit of